+ 0 + 1. What is s(h)?
3
Let q(m) = m**3 + 4*m**2 + 2*m + 11. Let h be q(-4). Let p(c) = 3*c**3 - 5*c**2 + 5*c - 4. Let z be p(2). Let a(n) = -n + z - 16 + 11. Determine a(h).
2
Let s(m) = -m**3 - m**2 - 4. Let u be -7 - -2 - (-33)/11. Let k be s(u). Let z(a) = 3*a - 5*a + a**3 - 1 - 2*a**2 + k*a**2 + 4*a**2. Determine z(-3).
-4
Suppose 3*m = -m + 12. Let q(j) = 5*j + 5*j - m*j - 6*j + 8. Suppose -s + 6*s = 0, -5*c - 45 = s. Give q(c).
-1
Let s be 3 + 1 + 0 - 4. Let z be (1 - -6) + 1*(-3 - s). Let o(x) = 10*x - 5*x**2 + z*x**2 + 2*x**2 + 8. Give o(-9).
-1
Let h be (-16)/(-3) + (-2)/6. Let a = 113 + -111. Let r(c) = 40*c**3 + 0 - 81*c**3 - 4*c**a - 1 + 42*c**3 - c**2. What is r(h)?
-1
Let d(w) be the third derivative of w**6/120 + w**5/60 - w**4/12 + w**3/3 + w**2. Suppose 9*g - 3*g = g - 3*g. Give d(g).
2
Let z(g) be the second derivative of 9*g**5/20 - 9*g**4/4 - g**2 - 7*g - 56. Give z(3).
-2
Let f(m) = -m**3 + 75*m**2 + 10*m - 765. Let b be f(75). Let j(z) = -5*z**2 - 74*z + 28. Determine j(b).
13
Let t(l) = -19*l + 1. Let d be ((-5)/10)/(24/(-48)). Calculate t(d).
-18
Suppose -64*g - 72*g = -549 + 5. Let v(s) = -5*s - 3. Let h(j) = -j - 1. Let i(a) = -4*h(a) + v(a). Determine i(g).
-3
Let f(t) be the second derivative of -t**4/12 - 13*t**3/6 - 3*t**2 + 2330*t. Suppose 47 = -5*p - 18. Give f(p).
-6
Let m be 6/8 - (-918)/24. Suppose -19 = -2*k - 5*w, -61*w = 5*k - 57*w - m. Let p(z) = 2*z**2 - 10*z + 9. What is p(k)?
37
Let i(v) = 3*v + v**2 + 5*v - 9498 + 9482. Give i(-7).
-23
Let v(u) = -u**2 + 6*u + 3. Let c(z) = -2*z**2 + 7*z + 4. Let a be 258/(-90) - (-5)/(-75)*2. Let s(t) = a*v(t) + 2*c(t). Give s(-5).
-6
Let o(k) = 5*k**2 - 10*k**2 - k - 1 + 0*k**2. Let a be 0 + (10 - (6 - -6)). Determine o(a).
-19
Let t be 6/12*(-4 + (9 - 9)). Let z(k) = -7*k**2 - 16*k - 1. Determine z(t).
3
Let f be 18/(-4)*(-14)/(-21). Let l be (-1)/((-53)/13 - -4). Let b(c) = -3*c + 11 + 0 + c**2 - l. Determine b(f).
16
Let q(s) = -4*s**2 - 5*s - 18. Let y(j) = 9*j**2 + 12*j + 39. Let b(k) = 13*q(k) + 6*y(k). Give b(-4).
4
Let s(y) be the first derivative of -y**2/2 - 16*y + 169. Calculate s(0).
-16
Let l = 20 + -15. Suppose -l*h + 10 = m, -3*h - m + 13 = 5. Let q(t) = -4*t**2 + t - h - t**3 + 0 + 3*t + 0. Give q(-5).
4
Let w(f) = -6*f**2 - 28. Let b(h) = 8*h**2 - h + 34. Let u(r) = -4*b(r) - 5*w(r). Give u(6).
-44
Let c(y) = 3. Let u(m) = m - 208 - 212 + 421. Let v(q) = -c(q) + u(q). What is v(-3)?
-5
Let v = -13214 - -13221. Let i(z) = -z**2 - 4*z + 17. Calculate i(v).
-60
Suppose -332 = -22*s + 262. Suppose -4*x = -3*g + s, -14*g + 17*g = 5*x + 33. Let z(l) = l + 4. Calculate z(x).
-2
Suppose -294 = 19*g - 313. Let k(a) = -9 + 4*a + 3*a - a**2 - a**3 + 5 + 6*a**2 + g. Give k(6).
3
Let d(k) = -7*k**2 + 11*k + 2. Suppose -5*a - 5 = 0, -3*h + h + 3*a + 7 = 0. Let i(m) = -3*m**2 + 5*m + 1. Let x(c) = h*d(c) - 5*i(c). Calculate x(3).
-1
Let l = 104 - 101. Let y(j) = 4 + 15*j - 11*j - l*j. Let w(q) = q - 2. Let g be w(-3). Determine y(g).
-1
Let x(c) = 5 + 16 + 1 - c**3 + 2*c + c**2 - 21 + 0*c. Give x(3).
-11
Suppose 14*v - 9*v = t - 1, -3*t + 5*v = -23. Let g(o) = o**2 - 20*o - 13. Give g(t).
-112
Let h(t) = -t. Let i(p) = -4*p - 6. Let f(k) = -3*h(k) + i(k). Suppose 30 = 4*s + 3*b, 2*s + 2*b = 9*b - 2. Suppose 8*w = s*w + 3*w. Determine f(w).
-6
Suppose 0 = -4*k + 205 - 29. Let j = k + -42. Let o(s) = -4 + 7*s - 4*s**2 + 0 + 5*s**j + 0*s**2. Give o(-7).
-4
Let r(t) = t**2 - 6*t + 6. Let x be r(5). Let y(n) = -561 - 566 + 66*n - 54*n + 1127. Give y(x).
12
Let k = -6837 + 6839. Let h(f) be the first derivative of 0*f + 7/3*f**3 + 1/2*f**k + 10. Give h(-1).
6
Let i(b) = -179*b**2 + 30*b - 120. Let p(g) = 15*g**2 - 1. Let n(f) = i(f) + 12*p(f). Calculate n(-34).
4
Let a(i) be the second derivative of 4*i**3/3 + 19*i**2 + 448*i. Determine a(-4).
6
Let k(g) = 1. Let c(l) be the first derivative of l**2 - 4*l + 44. Let t(h) = 2*c(h) + 7*k(h). Let p be t(2). Let u(j) = j**2 - 8*j - 1. Calculate u(p).
-8
Suppose -599 = -19*n - 637. Let r(j) be the second derivative of j**5/20 + j**2/2 - 14*j. What is r(n)?
-7
Let v = -16 + 12. Let i(q) = -2*q**3 + 5*q + 2. Let h(u) = 5*u**3 + u**2 - 13*u - 5. Let z(d) = -3*h(d) - 7*i(d). Give z(v).
1
Let l(u) = 8*u**3 - 11*u + 6559 - 6573 - 2*u. Let j be l(-1). Let c(m) = 3*m + 2. Calculate c(j).
-25
Suppose 0 = 20325*l - 20302*l - 667. Let u(n) = 4*n**2 - 117*n + 28. Give u(l).
-1
Let r = -21709 - -21711. Let w(f) = 12*f**3 - f**2 + 4*f - 2. Calculate w(r).
98
Let l(s) be the third derivative of s**5/60 - 16*s**2. Let n = 165 + -153. Let h(t) = 2*t**2 - 22*t - 24. Let a be h(n). Determine l(a).
0
Let q(a) be the first derivative of a**3/3 + 27*a**2/2 + 56*a - 1057. What is q(-25)?
6
Let z be 136/(-56) + 12/(-21). Let t(x) = 237 - 129 - x - 106. What is t(z)?
5
Let c(v) be the second derivative of 2*v**3/3 - v**2/2 + v. Suppose 11*n - 8*n - 6 = 0. Let h be 48/(-36)*(-1 - (-11)/n). Determine c(h).
-25
Let x(c) = -c**2 - 16*c - 6. Let l be (-22 - -1) + 181 + -173. Give x(l).
33
Let q(x) be the second derivative of -x**4/12 - 11*x**3/2 - 43*x**2/2 + 33*x + 25. What is q(-31)?
19
Let d(g) = -g**2 - 3*g + 5. Let p be d(0). Let o(z) = 14*z**2 - 8*z**2 - 3 - p*z**2 + 5*z. Suppose -5*x = 10 + 10. Give o(x).
-7
Let h(j) = -53*j - 271. Let s be h(-5). Let o(i) be the second derivative of -5/12*i**4 + 7/2*i**2 + 0 - 1/20*i**5 + 7/6*i**3 + 2*i. Determine o(s).
1
Let v(n) = -15*n - 34. Let q be (-14)/49 + -3 + -2 + 128/56. What is v(q)?
11
Let n(c) = -c + 5. Let m(r) = -r**3 + 4*r**2 + 4*r + 3. Let u be m(-2). Let i = 18 - u. Let z(o) = -3*o + 3. Let g be z(i). Give n(g).
-1
Let o(t) = 12*t**2 + 5*t**3 - 4*t**3 - 2 - 30*t - 11 + 48*t. Let y be o(-10). Let r(k) = k**2 - 3*k + 0*k**2 + 1 - 4*k. Determine r(y).
1
Let v(r) = 35*r + 2. Let f = -298 - -299. Give v(f).
37
Let o(a) = -3*a**2 + 6*a + 25. Suppose -27 = -2489*b + 2498*b. Calculate o(b).
-20
Let f(b) = 64*b - 3. Let r = -23757 - -23758. Give f(r).
61
Let d(o) = 10*o**3 + 4*o**2 + 2*o. Let p be d(-2). Let j be (-51)/p - 43/4. Let t be ((-2)/4)/(j/(-40)). Let s(y) = -y**2 + y + 1. Calculate s(t).
-5
Let n = 224 + -221. Let l(z) = -3*z**2 - 9*z + 4*z + 2*z**2 + 7*z + 6. Calculate l(n).
3
Suppose -5*l = -l + 37*l. Let x be 7/28 + (-39)/(-4). Suppose l = x*z - 9*z + 1. Let u(j) = 3*j - 1. Calculate u(z).
-4
Let u(m) = -m**3 - 33*m**2 - 42*m - 299. Let s be u(-32). Let n(g) = 37*g - 770. Give n(s).
7
Suppose c + c + 3*r = -7, -11 = -5*c + 2*r. Let s(x) = 5*x**3 - 4 + 0*x**3 + 5 - 3*x + 0. Let f(b) = b**3 + b. Let d(n) = 2*f(n) + s(n). Determine d(c).
7
Let c(p) = p**2 + 0*p**2 + 2*p**2 + 1474*p + 4 - 1481*p - 14. Determine c(3).
-4
Let t(x) be the third derivative of -x**4/8 + x**3/6 + 16*x**2. Suppose -140*h + 30 = -134*h. Suppose -5*s = 2*i - 21, 4*i - h*s = -38 + 5. What is t(i)?
7
Let v = 44 + -39. Let a(q) = 6*q - 5*q + 5*q - 12*q. Determine a(v).
-30
Let f(w) = 4*w - 6. Let v(o) = -o. Suppose 4*u + 4*t = 5*u + 17, u + 5*t - 28 = 0. Let y be 4 - 11/(-55)*-15. Let r(p) = u*v(p) + y*f(p). Calculate r(-5).
-11
Let n(r) = -9 + 2 + 4*r + 10 + 5*r**2 + 4 - 3*r**2 - r**3. Let t be n(3). Let s(c) = c**3 - 9*c**2 - 12*c + 12. Determine s(t).
-8
Let c = 28649 - 28655. Let z(b) be the third derivative of 0*b**3 - 1/10*b**5 - 1/24*b**4 + 2*b**2 + 0*b + 0 - 1/120*b**6. Calculate z(c).
6
Let t(p) = -2*p + 4*p + 4*p - 21 + p - 2*p. Let m(n) = -3. Let h(i) = -5*m(i) + t(i). Give h(-6).
-36
Let x(f) = 2*f + 55. Let w(k) = 4*k + 4. Let z(m) = 2*w(m) + x(m). What is z(-7)?
-7
Let y(g) = -g - 1. Let f be y(-1). Suppose f*l - 2 = -l. Let x(h) be the third derivative of -h**5/15 + h**4/12 - h**3/2 + 2*h**2 + 13*h. Give x(l).
-15
Let q(o) be the second derivative of o**5/20 + 5*o**4/12 - 2*o**3 + 5*o**2/2 - 2340*o. Give q(-7).
-9
Let n(z) = z**2 + 4*z - 43. Let f(b) = 4*b**2 + 2*b - 7. Let s be f(-2). Calculate n(s).
2
Let j(w) = w**3 - 3*w**2 - w + 1. Suppose 16*r - 1902 + 446 = 0. Let y = r - 88. Give j(y).
-2
Let z(w) = w**2 + 39*w + 98. Let u be z(-30). Let t = -170 - u. Let r(p) be the first derivative of -p**4/4 + 2*p**3/3 - 3*p**2/2 + p - 1. What is r(t)?
-5
Let w(u) be the second derivative of u**8/6720 + u**7/360 - u**5/40 + 4*u**4 - 5*u + 10. Let v(f) be the third derivative of w(f). Give v(-7).
-3
Let i(x)